t u(v) = -4*v**2 - 3*v + 2. Give u(p).
-20
Let s = -1630 - -1623. Let l(k) = k**2 - k + 1. Let v(f) = -7*f**2 - f. Let q(g) = -6*l(g) - v(g). Calculate q(s).
-6
Let b = 46 + -43. Let n(g) = -7 + 0*g**2 - g + g**2 + 6. Determine n(b).
5
Let p(b) = -3*b + 15. Let n(w) = w**3 - 8*w**2 + 6. Let o be n(8). Let k be p(o). Let g(y) = -2*y + y - 1 + 3*y. Calculate g(k).
-7
Let v(i) be the first derivative of 0*i**5 + 0*i - 8 + 0*i**2 - 1/360*i**6 + 2/3*i**3 + 0*i**4. Let n(k) be the third derivative of v(k). Give n(-3).
-9
Let z(o) be the third derivative of o**4/24 - 7*o**3/6 + 14*o**2. Determine z(7).
0
Suppose -2*z = 3*f + 124, -2*f - 8 = -4*f. Let n be (-8)/(-60) - z/(-60). Let u be (5/(-15))/(n/(-3)). Let x(l) = -l**3 - l**2 + l + 1. Calculate x(u).
0
Let w = 980 + -972. Let h(j) = -j + 5*j - 3*j - 7. Calculate h(w).
1
Let c(d) be the third derivative of 1/120*d**6 - 4*d**2 + 1/3*d**3 - 1/12*d**4 - 1/12*d**5 + 0 + 0*d. Give c(5).
-8
Let u(b) = -b**2 - 5*b - 4. Suppose 5*h + 2401 = 901. Let m be (4/5)/((-8)/h). Suppose -m = 5*j - 5*y, -7 = -3*y + 2. Determine u(j).
2
Let c(v) be the third derivative of v**4/6 - 7*v**3/6 + v**2 - 27*v. Let d(l) = -5*l**3 + l + 1. Let m be d(-1). Calculate c(m).
13
Let s(o) = o**2 + o - 18. Let d = 283 - 283. What is s(d)?
-18
Let o be (-9)/6*4/(-3). Let a(w) = -w**2 + w + 1. Let i(g) = 4*g**2 - 2*g - 2. Let t(b) = o*a(b) + i(b). Let h be (2 - 0)/(3 + -1). Calculate t(h).
2
Let s(w) = w - 7. Let v be s(7). Suppose -o + 3*o - 7 = -j, v = -o + 3*j. Let f(g) be the third derivative of -g**5/60 + g**3/2 + 7*g**2. What is f(o)?
-6
Let v(q) = 10 + 6 + 4 - 2*q + 0. Give v(9).
2
Let q(d) be the first derivative of d**3/3 - 3*d**2 + 6*d - 2. Let x be -1 - 2 - (2 + -10). Let t be q(x). Let b(f) = -6*f**3 - f**2 + 2*f - 1. Give b(t).
-6
Let f(r) be the first derivative of -r**6/120 + 3*r**5/20 + 11*r**4/24 - 3*r**3/2 + 51*r**2/2 - 50. Let g(m) be the second derivative of f(m). Determine g(10).
1
Let c(s) = s**2 + s - 1. Let g(q) = 2*q**2 - 2*q - 2. Let w(y) = -c(y) - g(y). Suppose 3*u = 2*d - 18, 0*d - 2*u = -3*d + 17. Give w(d).
-21
Let t(l) = 2*l - 9. Let v(r) = -r + 5. Let h(y) = 3*t(y) + 5*v(y). Let u be h(4). Let g(m) = -4*m - 2*m**2 + 0 - 1 + 3*m. Determine g(u).
-11
Let i = 10 + -8. Let f(v) be the first derivative of -6*v + 13*v + 6 + 1 - v**i. Give f(5).
-3
Let j(m) be the third derivative of -m**5/60 + m**4/8 + 2*m**3/3 - 171*m**2. Give j(3).
4
Let t(z) = -2*z**2 - 3*z. Let y be (-1)/(-2*3 - 31/(-5)). Determine t(y).
-35
Let u(w) = -32*w**2 - 33*w + 2. Let c be u(-1). Let d(h) be the third derivative of -h**6/120 + h**5/20 - h**4/12 - h**3/6 - h**2. Determine d(c).
-7
Let o be (3/2)/(8/16). Let x(r) = -r**2 - r - 1. Give x(o).
-13
Suppose 0 = 5*g - 20, 7*g = -5*w + 2*g. Suppose d - 4*n + 2 = -0*d, 0 = d + 4*n - 6. Let h(p) = 5*p**d + 1 + 3*p - 3*p**2 - p**2. Determine h(w).
5
Let v(b) = -b**3 + 5*b**2 + 4*b + 6. Let w be v(6). Let r(y) = -13*y + 1. Let c(x) = -11*x + 1. Let j(o) = -6*c(o) + 5*r(o). What is j(w)?
-7
Let d(g) = g**3 - 2*g - 1. Let z(y) = 3*y**3 + 9*y**2 + 3*y + 4. Let s(l) = -4*d(l) + z(l). Determine s(10).
18
Let f(k) be the second derivative of k**5/20 - k**4/4 - k**3/6 + k**2/2 - 144*k. What is f(3)?
-2
Let l(q) = 3*q**2 + 2*q. Suppose -2*d = -6, -4*d = -3*w - 7 + 1. Let t be (-12 - -15) + w/(-2). Give l(t).
16
Let l(r) = r**2 - 15*r + 26. Let i(b) = 3*b + 1. Let u be i(4). What is l(u)?
0
Let w(u) = -50*u + 44*u + 8*u. Suppose -5*c + 15 = 5*j, 2*j + 0*j - 4*c - 24 = 0. Calculate w(j).
12
Let a(k) = -8*k**2 - 4*k - 2. Let h = -173 - -108. Let y be ((-8)/(-10))/(26/h). Give a(y).
-26
Let y(v) = 8*v + 6. Let j(n) = -6*n - 5. Let o(x) = -3*j(x) - 2*y(x). Calculate o(8).
19
Let k(b) be the third derivative of -b**7/2520 - b**6/144 - b**5/30 + 3*b**4/8 - 2*b**2. Let l(u) be the second derivative of k(u). What is l(-5)?
-4
Let k(i) = -i**3 + 10. Let o(p) = 4*p - 54. Let n(c) = -4*c + 53. Let s(r) = -2*n(r) - 3*o(r). Let z be s(14). Give k(z).
10
Let w(a) = 6 + 44*a - 25*a - 14 - 20*a. Calculate w(-17).
9
Let m(v) = -2*v**2 - 4*v - 1. Let o be 0/(-2) + -36 + -4. Let q be ((-3)/4)/((-10)/o). Calculate m(q).
-7
Let j(y) be the second derivative of y**3/3 + 56*y. Give j(-1).
-2
Let q = -2 - -23. Let j = 24 - q. Let z be 11/33*j*-5. Let w(g) = g - 2. Determine w(z).
-7
Let m(y) be the third derivative of -y**7/840 + y**6/72 + y**5/24 - y**4/3 - y**3/3 - 10*y**2. Let z(h) be the first derivative of m(h). Give z(6).
-14
Let k(u) be the second derivative of -u**7/1260 + u**6/360 - u**5/120 - 2*u**4/3 + 41*u. Let p(x) be the third derivative of k(x). Calculate p(1).
-1
Let n(b) be the first derivative of 3 - 1/3*b**3 + 0*b**2 + b + 1/4*b**4. Give n(0).
1
Let j(k) be the second derivative of -1/6*k**4 + 5/2*k**2 + k**3 - 1/20*k**5 - k + 13. Give j(-4).
13
Let s(u) = -u**3 - u**2 + 2*u - 7. Let x(a) = a**2 + a - 1. Suppose 12 = 2*w + w. Suppose 0*h - 4 = -w*h. Let q(c) = h*s(c) - 4*x(c). What is q(-4)?
-11
Let q(w) = -9*w. Let j = 251 + -252. Calculate q(j).
9
Let x(g) = -4*g + 4. Let z(u) = u. Let q(w) = -x(w) - 5*z(w). Suppose -6*c + 20 = 2*d, 25*c - 5*d = 21*c + 26. Determine q(c).
-8
Let g be (2/5)/(1*3/15). Let d(v) = -2*v + 5*v + v**3 - v - 4*v**g - 3. Determine d(4).
5
Let w(n) = -n + 5. Suppose 0 = -b + 4*b - 4*t - 12, 0 = -3*b - 2*t + 30. Suppose 0 = -15*h + 13*h + b. Determine w(h).
1
Let t(v) = -4 + 8*v**2 - 2*v + 2*v**2 + 0*v**2 - 11*v**2 + 3*v**2. What is t(-3)?
20
Let u(g) = g**2 - 17*g + 10. Let t = -167 - -184. Give u(t).
10
Let b be 5/(-4) + (-2)/(-8). Let g(c) be the second derivative of -13*c**4/12 + c**3/6 + c**2/2 - 27*c. What is g(b)?
-13
Suppose -48 = -3*x - 2*u - u, 2*x - 4*u - 44 = 0. Let a = x - 18. Let c(j) = -j**3 - j - 18. Determine c(a).
-18
Let i(d) = -2*d**2 + d - 4*d + 477 - 476. Determine i(-3).
-8
Suppose k + 2*s + 10 = 0, -2*s - 10 = 3*k - 0*s. Suppose -2*x + 3 = -c + 10, -5*x - 5 = k. Let m(r) = 2 - c*r + 2 + 6*r - 8. Calculate m(4).
0
Let c(g) = g + 2. Let a be c(-7). Let p(v) = -2*v - 2. Let s(m) be the third derivative of m**4/8 + m**3/2 + 5*m**2. Let k(x) = a*s(x) - 8*p(x). Calculate k(4).
5
Let b(g) = g - 6. Let x be b(8). Suppose 5*z - 17 = 2*t, x*z + 4*t - 2 = -0*t. Let c(i) = -5 - z + 0*i + i + 2. What is c(3)?
-3
Let x(b) = b + 3. Let l(y) = -4 + 2 - 3*y + y**3 + 3*y**2 - 3*y. Let p be l(-4). Determine x(p).
9
Let d(j) = j**3 + 14*j**2 - 16*j - 20. Suppose 4*v - 5*u + 50 = 0, -5*v - 81 = 3*u - 0*u. What is d(v)?
-5
Let x = -332 - -336. Let b(f) = 4*f - 8. Give b(x).
8
Let l(n) = -n**2 + 9*n - 17. Let i(b) = -b**2 + 9*b - 17. Let w(d) = 6*i(d) - 7*l(d). What is w(7)?
3
Let n(k) = -k**3 + 6*k**2 + 8*k + 10. Suppose -112 = -20*z + 28. Calculate n(z).
17
Let a(o) = -2 - 2*o + 3*o + 8 - 1 + 1. Give a(-8).
-2
Let b(r) = 92*r - 460. Let i be b(5). Let o(c) be the second derivative of 8*c + c**2 + 2/3*c**3 + i. Calculate o(2).
10
Let u(q) = -14*q**2 + 18*q - 21. Let d(w) = 5*w**2 - 6*w + 7. Let y = 48 + -54. Let x(t) = y*u(t) - 17*d(t). Determine x(-7).
0
Suppose 0 = -4*q + 2*z - 8, 0*z = 3*q - z + 8. Let h(u) be the third derivative of -10*u**2 + 5/6*u**3 + 0*u + 1/8*u**4 + 0. Calculate h(q).
-7
Let q(j) = j - 9. Let i(x) = x**2 - 1. Suppose 0 = 3*a - 1 - 2. Let l be i(a). Suppose f + 3*f = l. Calculate q(f).
-9
Let c(n) = n + 44 - 25 - 15. Give c(-13).
-9
Let m(u) = -u**3 + u**2 - 2*u + 3. Let b be 2/7 + (-111)/21. Let p be b/(-2)*24/15. Let g be p/(-4) - -3*1. Give m(g).
-5
Let n(p) be the third derivative of -p**5/6 + p**4/12 - p**3/2 + 3*p**2 + 28*p. Give n(2).
-39
Let v(x) be the third derivative of x**6/360 + 7*x**5/120 + 7*x**4/24 - 2*x**3/3 + 8*x**2. Let r(j) be the first derivative of v(j). Give r(-5).
-3
Suppose 9*f - 16 = -3*y + 4*f, -4*y + 14 = 3*f. Suppose 2*x = -2*p + 6, -8 = -4*x - y*p - 0*p. Let a(c) be the first derivative of c**2/2 + 1. What is a(x)?
1
Let u = 288 + -285. Let c(n) = n**2 + 3*n - 10. Give c(u).
8
Let s(a) = a**2 - 70*a - 75*a - 1 + 213*a - 70*a. Let o = 0 - -4. Calculate s(o).
7
Let d be -6*(0/1 - -1). Let w(c) = -c + 8. Determine w(d).
14
Let x(k) be the third derivative of -k**4/8 + k**3 - 673*k**2. Determine x(6).
-12
Let z be -3*3/(-18) + 2/(-4). Suppose z = 4*d - 11 - 13. Let l(v) be the first derivative of v**3/3 - 9*v**2/2 + 9*v + 1